{"id":920,"date":"2023-05-07T13:21:35","date_gmt":"2023-05-07T11:21:35","guid":{"rendered":"https:\/\/detlef-kipar.de\/wordpress\/?post_type=product&#038;p=920"},"modified":"2023-05-07T13:23:36","modified_gmt":"2023-05-07T11:23:36","slug":"block-s100-paar-schwarz","status":"publish","type":"product","link":"https:\/\/detlef-kipar.de\/wordpress\/produkt\/block-s100-paar-schwarz\/","title":{"rendered":"Block S100 Paar Schwarz"},"content":{"rendered":"<div class=\"details__headline\">Regal-Lautsprecher, 3-Wege System, 50 Watt Nennbelastbarkeit, 120 Watt maximale Musikbelastbarkeit, 160 mm Tieft\u00f6ner, 120 mm Mittelt\u00f6ner, 250 mm Hocht\u00f6ner, Bi-Wiring<\/div>\n<div class=\"details__sustainability\"><\/div>\n<div class=\"details__column\">\n<div class=\"detail__block--wrapper\">\n<div><span class=\"detail__title  detail__title--top\" data-headline-code=\"0060050802\">Art<\/span><\/p>\n<div class=\"detail__block\" data-feature-code=\"classificationCatalog\/1.0\/0060050802.ep60048728\"><span class=\"detail__title\">Regal-Lautsprecher<\/span><\/p>\n<div class=\"detail__hook\"><\/div>\n<\/div>\n<\/div>\n<\/div>\n<div class=\"detail__block--wrapper\">\n<div><span class=\"detail__title  detail__title--top\" data-headline-code=\"0060051499\">Ausf\u00fchrung<\/span><\/p>\n<div class=\"detail__block\" data-feature-code=\"classificationCatalog\/1.0\/0060051499.ep60048737\"><span class=\"detail__title\">System<\/span> <span class=\"detail__desc\"> 3-Wege<\/span><\/div>\n<div class=\"detail__block\" data-feature-code=\"classificationCatalog\/1.0\/0060051499.ep60050512\"><span class=\"detail__title\">Nennbelastbarkeit<\/span> <span class=\"detail__desc\"> 50 Watt<\/span><\/div>\n<div class=\"detail__block\" data-feature-code=\"classificationCatalog\/1.0\/0060051499.ep60050604\"><span class=\"detail__title\">Musikbelastbarkeit<\/span> <span class=\"detail__desc\"> 120 Watt maximale<\/span><\/div>\n<div class=\"detail__block\" data-feature-code=\"classificationCatalog\/1.0\/0060051499.ep60048740\"><span class=\"detail__title\">Tieft\u00f6ner<\/span> <span class=\"detail__desc\"> 160 mm<\/span><\/div>\n<div class=\"detail__block\" data-feature-code=\"classificationCatalog\/1.0\/0060051499.ep60048742\"><span class=\"detail__title\">Mittelt\u00f6ner<\/span> <span class=\"detail__desc\"> 120 mm<\/span><\/div>\n<div class=\"detail__block\" data-feature-code=\"classificationCatalog\/1.0\/0060051499.ep60048744\"><span class=\"detail__title\">Hocht\u00f6ner<\/span> <span class=\"detail__desc\"> 250 mm<\/span><\/div>\n<\/div>\n<\/div>\n<div class=\"detail__block--wrapper\">\n<div><span class=\"detail__title  detail__title--top\" data-headline-code=\"0060056133\">Ausstattung allgemein<\/span><\/p>\n<div class=\"detail__block\" data-feature-code=\"classificationCatalog\/1.0\/0060056133.ep60048752\"><span class=\"detail__title\">Bi-Wiring<\/span><\/p>\n<div class=\"detail__hook\"><\/div>\n<\/div>\n<\/div>\n<\/div>\n<\/div>\n","protected":false},"excerpt":{"rendered":"<p>Regal-Lautsprecher, 3-Wege System, 50 Watt Nennbelastbarkeit, 120 Watt maximale Musikbelastbarkeit, 160 mm Tieft\u00f6ner, 120 mm Mittelt\u00f6ner, 250 mm Hocht\u00f6ner, Bi-Wiring Art Regal-Lautsprecher Ausf\u00fchrung System 3-Wege Nennbelastbarkeit 50 Watt Musikbelastbarkeit 120 Watt maximale Tieft\u00f6ner 160 mm Mittelt\u00f6ner 120 mm Hocht\u00f6ner 250 mm Ausstattung allgemein Bi-Wiring<\/p>\n","protected":false},"featured_media":921,"comment_status":"open","ping_status":"closed","template":"","meta":[],"product_brand":[],"product_cat":[36],"product_tag":[37,77,76],"class_list":{"0":"post-920","1":"product","2":"type-product","3":"status-publish","4":"has-post-thumbnail","6":"product_cat-audiogeraete","7":"product_tag-block","8":"product_tag-regallautsprecher","9":"product_tag-s100","11":"first","12":"instock","13":"taxable","14":"shipping-taxable","15":"purchasable","16":"product-type-simple"},"yoast_head":"<!-- This site is optimized with the Yoast SEO plugin v27.5 - https:\/\/yoast.com\/product\/yoast-seo-wordpress\/ -->\n<title>Block S100 Paar Schwarz - dk: Detlef Kipar<\/title>\n<meta name=\"description\" content=\"Block, S100, Regallautsprecher\" \/>\n<meta name=\"robots\" content=\"index, follow, max-snippet:-1, max-image-preview:large, max-video-preview:-1\" \/>\n<link rel=\"canonical\" href=\"https:\/\/detlef-kipar.de\/wordpress\/produkt\/block-s100-paar-schwarz\/\" \/>\n<meta property=\"og:locale\" content=\"de_DE\" \/>\n<meta property=\"og:type\" content=\"article\" \/>\n<meta property=\"og:title\" content=\"Block S100 Paar Schwarz - dk: Detlef Kipar\" \/>\n<meta property=\"og:description\" content=\"Block, S100, Regallautsprecher\" \/>\n<meta property=\"og:url\" content=\"https:\/\/detlef-kipar.de\/wordpress\/produkt\/block-s100-paar-schwarz\/\" \/>\n<meta property=\"og:site_name\" content=\"dk: Detlef Kipar\" \/>\n<meta property=\"article:modified_time\" content=\"2023-05-07T11:23:36+00:00\" \/>\n<meta property=\"og:image\" content=\"https:\/\/detlef-kipar.de\/wordpress\/wp-content\/uploads\/2023\/05\/Block-S100-Paar-Schwarz.webp\" \/>\n\t<meta property=\"og:image:width\" content=\"800\" \/>\n\t<meta property=\"og:image:height\" content=\"532\" \/>\n\t<meta property=\"og:image:type\" content=\"image\/webp\" \/>\n<meta name=\"twitter:card\" content=\"summary_large_image\" \/>\n<meta name=\"twitter:label1\" content=\"Gesch\u00e4tzte Lesezeit\" \/>\n\t<meta name=\"twitter:data1\" content=\"1\u00a0Minute\" \/>\n<script type=\"application\/ld+json\" class=\"yoast-schema-graph\">{\"@context\":\"https:\\\/\\\/schema.org\",\"@graph\":[{\"@type\":\"WebPage\",\"@id\":\"https:\\\/\\\/detlef-kipar.de\\\/wordpress\\\/produkt\\\/block-s100-paar-schwarz\\\/\",\"url\":\"https:\\\/\\\/detlef-kipar.de\\\/wordpress\\\/produkt\\\/block-s100-paar-schwarz\\\/\",\"name\":\"Block S100 Paar Schwarz - dk: Detlef Kipar\",\"isPartOf\":{\"@id\":\"https:\\\/\\\/detlef-kipar.de\\\/wordpress\\\/#website\"},\"primaryImageOfPage\":{\"@id\":\"https:\\\/\\\/detlef-kipar.de\\\/wordpress\\\/produkt\\\/block-s100-paar-schwarz\\\/#primaryimage\"},\"image\":{\"@id\":\"https:\\\/\\\/detlef-kipar.de\\\/wordpress\\\/produkt\\\/block-s100-paar-schwarz\\\/#primaryimage\"},\"thumbnailUrl\":\"https:\\\/\\\/detlef-kipar.de\\\/wordpress\\\/wp-content\\\/uploads\\\/2023\\\/05\\\/Block-S100-Paar-Schwarz.webp\",\"datePublished\":\"2023-05-07T11:21:35+00:00\",\"dateModified\":\"2023-05-07T11:23:36+00:00\",\"description\":\"Block, S100, Regallautsprecher\",\"breadcrumb\":{\"@id\":\"https:\\\/\\\/detlef-kipar.de\\\/wordpress\\\/produkt\\\/block-s100-paar-schwarz\\\/#breadcrumb\"},\"inLanguage\":\"de\",\"potentialAction\":[{\"@type\":\"ReadAction\",\"target\":[\"https:\\\/\\\/detlef-kipar.de\\\/wordpress\\\/produkt\\\/block-s100-paar-schwarz\\\/\"]}]},{\"@type\":\"ImageObject\",\"inLanguage\":\"de\",\"@id\":\"https:\\\/\\\/detlef-kipar.de\\\/wordpress\\\/produkt\\\/block-s100-paar-schwarz\\\/#primaryimage\",\"url\":\"https:\\\/\\\/detlef-kipar.de\\\/wordpress\\\/wp-content\\\/uploads\\\/2023\\\/05\\\/Block-S100-Paar-Schwarz.webp\",\"contentUrl\":\"https:\\\/\\\/detlef-kipar.de\\\/wordpress\\\/wp-content\\\/uploads\\\/2023\\\/05\\\/Block-S100-Paar-Schwarz.webp\",\"width\":800,\"height\":532},{\"@type\":\"BreadcrumbList\",\"@id\":\"https:\\\/\\\/detlef-kipar.de\\\/wordpress\\\/produkt\\\/block-s100-paar-schwarz\\\/#breadcrumb\",\"itemListElement\":[{\"@type\":\"ListItem\",\"position\":1,\"name\":\"Startseite\",\"item\":\"https:\\\/\\\/detlef-kipar.de\\\/wordpress\\\/\"},{\"@type\":\"ListItem\",\"position\":2,\"name\":\"Block S100 Paar Schwarz\"}]},{\"@type\":\"WebSite\",\"@id\":\"https:\\\/\\\/detlef-kipar.de\\\/wordpress\\\/#website\",\"url\":\"https:\\\/\\\/detlef-kipar.de\\\/wordpress\\\/\",\"name\":\"dk: Detlef Kipar\",\"description\":\"\",\"potentialAction\":[{\"@type\":\"SearchAction\",\"target\":{\"@type\":\"EntryPoint\",\"urlTemplate\":\"https:\\\/\\\/detlef-kipar.de\\\/wordpress\\\/?s={search_term_string}\"},\"query-input\":{\"@type\":\"PropertyValueSpecification\",\"valueRequired\":true,\"valueName\":\"search_term_string\"}}],\"inLanguage\":\"de\"}]}<\/script>\n<!-- \/ Yoast SEO plugin. -->","yoast_head_json":{"title":"Block S100 Paar Schwarz - dk: Detlef Kipar","description":"Block, S100, Regallautsprecher","robots":{"index":"index","follow":"follow","max-snippet":"max-snippet:-1","max-image-preview":"max-image-preview:large","max-video-preview":"max-video-preview:-1"},"canonical":"https:\/\/detlef-kipar.de\/wordpress\/produkt\/block-s100-paar-schwarz\/","og_locale":"de_DE","og_type":"article","og_title":"Block S100 Paar Schwarz - dk: Detlef Kipar","og_description":"Block, S100, Regallautsprecher","og_url":"https:\/\/detlef-kipar.de\/wordpress\/produkt\/block-s100-paar-schwarz\/","og_site_name":"dk: Detlef Kipar","article_modified_time":"2023-05-07T11:23:36+00:00","og_image":[{"width":800,"height":532,"url":"https:\/\/detlef-kipar.de\/wordpress\/wp-content\/uploads\/2023\/05\/Block-S100-Paar-Schwarz.webp","type":"image\/webp"}],"twitter_card":"summary_large_image","twitter_misc":{"Gesch\u00e4tzte Lesezeit":"1\u00a0Minute"},"schema":{"@context":"https:\/\/schema.org","@graph":[{"@type":"WebPage","@id":"https:\/\/detlef-kipar.de\/wordpress\/produkt\/block-s100-paar-schwarz\/","url":"https:\/\/detlef-kipar.de\/wordpress\/produkt\/block-s100-paar-schwarz\/","name":"Block S100 Paar Schwarz - dk: Detlef Kipar","isPartOf":{"@id":"https:\/\/detlef-kipar.de\/wordpress\/#website"},"primaryImageOfPage":{"@id":"https:\/\/detlef-kipar.de\/wordpress\/produkt\/block-s100-paar-schwarz\/#primaryimage"},"image":{"@id":"https:\/\/detlef-kipar.de\/wordpress\/produkt\/block-s100-paar-schwarz\/#primaryimage"},"thumbnailUrl":"https:\/\/detlef-kipar.de\/wordpress\/wp-content\/uploads\/2023\/05\/Block-S100-Paar-Schwarz.webp","datePublished":"2023-05-07T11:21:35+00:00","dateModified":"2023-05-07T11:23:36+00:00","description":"Block, S100, Regallautsprecher","breadcrumb":{"@id":"https:\/\/detlef-kipar.de\/wordpress\/produkt\/block-s100-paar-schwarz\/#breadcrumb"},"inLanguage":"de","potentialAction":[{"@type":"ReadAction","target":["https:\/\/detlef-kipar.de\/wordpress\/produkt\/block-s100-paar-schwarz\/"]}]},{"@type":"ImageObject","inLanguage":"de","@id":"https:\/\/detlef-kipar.de\/wordpress\/produkt\/block-s100-paar-schwarz\/#primaryimage","url":"https:\/\/detlef-kipar.de\/wordpress\/wp-content\/uploads\/2023\/05\/Block-S100-Paar-Schwarz.webp","contentUrl":"https:\/\/detlef-kipar.de\/wordpress\/wp-content\/uploads\/2023\/05\/Block-S100-Paar-Schwarz.webp","width":800,"height":532},{"@type":"BreadcrumbList","@id":"https:\/\/detlef-kipar.de\/wordpress\/produkt\/block-s100-paar-schwarz\/#breadcrumb","itemListElement":[{"@type":"ListItem","position":1,"name":"Startseite","item":"https:\/\/detlef-kipar.de\/wordpress\/"},{"@type":"ListItem","position":2,"name":"Block S100 Paar Schwarz"}]},{"@type":"WebSite","@id":"https:\/\/detlef-kipar.de\/wordpress\/#website","url":"https:\/\/detlef-kipar.de\/wordpress\/","name":"dk: Detlef Kipar","description":"","potentialAction":[{"@type":"SearchAction","target":{"@type":"EntryPoint","urlTemplate":"https:\/\/detlef-kipar.de\/wordpress\/?s={search_term_string}"},"query-input":{"@type":"PropertyValueSpecification","valueRequired":true,"valueName":"search_term_string"}}],"inLanguage":"de"}]}},"jetpack_sharing_enabled":true,"_links":{"self":[{"href":"https:\/\/detlef-kipar.de\/wordpress\/wp-json\/wp\/v2\/product\/920","targetHints":{"allow":["GET"]}}],"collection":[{"href":"https:\/\/detlef-kipar.de\/wordpress\/wp-json\/wp\/v2\/product"}],"about":[{"href":"https:\/\/detlef-kipar.de\/wordpress\/wp-json\/wp\/v2\/types\/product"}],"replies":[{"embeddable":true,"href":"https:\/\/detlef-kipar.de\/wordpress\/wp-json\/wp\/v2\/comments?post=920"}],"wp:featuredmedia":[{"embeddable":true,"href":"https:\/\/detlef-kipar.de\/wordpress\/wp-json\/wp\/v2\/media\/921"}],"wp:attachment":[{"href":"https:\/\/detlef-kipar.de\/wordpress\/wp-json\/wp\/v2\/media?parent=920"}],"wp:term":[{"taxonomy":"product_brand","embeddable":true,"href":"https:\/\/detlef-kipar.de\/wordpress\/wp-json\/wp\/v2\/product_brand?post=920"},{"taxonomy":"product_cat","embeddable":true,"href":"https:\/\/detlef-kipar.de\/wordpress\/wp-json\/wp\/v2\/product_cat?post=920"},{"taxonomy":"product_tag","embeddable":true,"href":"https:\/\/detlef-kipar.de\/wordpress\/wp-json\/wp\/v2\/product_tag?post=920"}],"curies":[{"name":"wp","href":"https:\/\/api.w.org\/{rel}","templated":true}]}}

<div class="details__headline">Regal-Lautsprecher, 3-Wege System, 50 Watt Nennbelastbarkeit, 120 Watt maximale Musikbelastbarkeit, 160 mm Tieftöner, 120 mm Mitteltöner, 250 mm Hochtöner, Bi-Wiring</div>
<div class="details__sustainability"></div>
<div class="details__column">
<div class="detail__block--wrapper">
<div><span class="detail__title  detail__title--top" data-headline-code="0060050802">Art</span></p>
<div class="detail__block" data-feature-code="classificationCatalog/1.0/0060050802.ep60048728"><span class="detail__title">Regal-Lautsprecher</span></p>
<div class="detail__hook"></div>
</div>
</div>
</div>
<div class="detail__block--wrapper">
<div><span class="detail__title  detail__title--top" data-headline-code="0060051499">Ausführung</span></p>
<div class="detail__block" data-feature-code="classificationCatalog/1.0/0060051499.ep60048737"><span class="detail__title">System</span> <span class="detail__desc"> 3-Wege</span></div>
<div class="detail__block" data-feature-code="classificationCatalog/1.0/0060051499.ep60050512"><span class="detail__title">Nennbelastbarkeit</span> <span class="detail__desc"> 50 Watt</span></div>
<div class="detail__block" data-feature-code="classificationCatalog/1.0/0060051499.ep60050604"><span class="detail__title">Musikbelastbarkeit</span> <span class="detail__desc"> 120 Watt maximale</span></div>
<div class="detail__block" data-feature-code="classificationCatalog/1.0/0060051499.ep60048740"><span class="detail__title">Tieftöner</span> <span class="detail__desc"> 160 mm</span></div>
<div class="detail__block" data-feature-code="classificationCatalog/1.0/0060051499.ep60048742"><span class="detail__title">Mitteltöner</span> <span class="detail__desc"> 120 mm</span></div>
<div class="detail__block" data-feature-code="classificationCatalog/1.0/0060051499.ep60048744"><span class="detail__title">Hochtöner</span> <span class="detail__desc"> 250 mm</span></div>
</div>
</div>
<div class="detail__block--wrapper">
<div><span class="detail__title  detail__title--top" data-headline-code="0060056133">Ausstattung allgemein</span></p>
<div class="detail__block" data-feature-code="classificationCatalog/1.0/0060056133.ep60048752"><span class="detail__title">Bi-Wiring</span></p>
<div class="detail__hook"></div>
</div>
</div>
</div>
</div>

<p>Regal-Lautsprecher, 3-Wege System, 50 Watt Nennbelastbarkeit, 120 Watt maximale Musikbelastbarkeit, 160 mm Tieftöner, 120 mm Mitteltöner, 250 mm Hochtöner, Bi-Wiring Art Regal-Lautsprecher Ausführung System 3-Wege Nennbelastbarkeit 50 Watt Musikbelastbarkeit 120 Watt maximale Tieftöner 160 mm Mitteltöner 120 mm Hochtöner 250 mm Ausstattung allgemein Bi-Wiring</p>

<!-- This site is optimized with the Yoast SEO plugin v27.5 - https://yoast.com/product/yoast-seo-wordpress/ -->
<title>Block S100 Paar Schwarz - dk: Detlef Kipar</title>
<meta name="description" content="Block, S100, Regallautsprecher" />
<meta name="robots" content="index, follow, max-snippet:-1, max-image-preview:large, max-video-preview:-1" />
<link rel="canonical" href="https://detlef-kipar.de/wordpress/produkt/block-s100-paar-schwarz/" />
<meta property="og:locale" content="de_DE" />
<meta property="og:type" content="article" />
<meta property="og:title" content="Block S100 Paar Schwarz - dk: Detlef Kipar" />
<meta property="og:description" content="Block, S100, Regallautsprecher" />
<meta property="og:url" content="https://detlef-kipar.de/wordpress/produkt/block-s100-paar-schwarz/" />
<meta property="og:site_name" content="dk: Detlef Kipar" />
<meta property="article:modified_time" content="2023-05-07T11:23:36+00:00" />
<meta property="og:image" content="https://detlef-kipar.de/wordpress/wp-content/uploads/2023/05/Block-S100-Paar-Schwarz.webp" />
	<meta property="og:image:width" content="800" />
	<meta property="og:image:height" content="532" />
	<meta property="og:image:type" content="image/webp" />
<meta name="twitter:card" content="summary_large_image" />
<meta name="twitter:label1" content="Geschätzte Lesezeit" />
	<meta name="twitter:data1" content="1 Minute" />
<script type="application/ld+json" class="yoast-schema-graph">{"@context":"https:\/\/schema.org","@graph":[{"@type":"WebPage","@id":"https:\/\/detlef-kipar.de\/wordpress\/produkt\/block-s100-paar-schwarz\/","url":"https:\/\/detlef-kipar.de\/wordpress\/produkt\/block-s100-paar-schwarz\/","name":"Block S100 Paar Schwarz - dk: Detlef Kipar","isPartOf":{"@id":"https:\/\/detlef-kipar.de\/wordpress\/#website"},"primaryImageOfPage":{"@id":"https:\/\/detlef-kipar.de\/wordpress\/produkt\/block-s100-paar-schwarz\/#primaryimage"},"image":{"@id":"https:\/\/detlef-kipar.de\/wordpress\/produkt\/block-s100-paar-schwarz\/#primaryimage"},"thumbnailUrl":"https:\/\/detlef-kipar.de\/wordpress\/wp-content\/uploads\/2023\/05\/Block-S100-Paar-Schwarz.webp","datePublished":"2023-05-07T11:21:35+00:00","dateModified":"2023-05-07T11:23:36+00:00","description":"Block, S100, Regallautsprecher","breadcrumb":{"@id":"https:\/\/detlef-kipar.de\/wordpress\/produkt\/block-s100-paar-schwarz\/#breadcrumb"},"inLanguage":"de","potentialAction":[{"@type":"ReadAction","target":["https:\/\/detlef-kipar.de\/wordpress\/produkt\/block-s100-paar-schwarz\/"]}]},{"@type":"ImageObject","inLanguage":"de","@id":"https:\/\/detlef-kipar.de\/wordpress\/produkt\/block-s100-paar-schwarz\/#primaryimage","url":"https:\/\/detlef-kipar.de\/wordpress\/wp-content\/uploads\/2023\/05\/Block-S100-Paar-Schwarz.webp","contentUrl":"https:\/\/detlef-kipar.de\/wordpress\/wp-content\/uploads\/2023\/05\/Block-S100-Paar-Schwarz.webp","width":800,"height":532},{"@type":"BreadcrumbList","@id":"https:\/\/detlef-kipar.de\/wordpress\/produkt\/block-s100-paar-schwarz\/#breadcrumb","itemListElement":[{"@type":"ListItem","position":1,"name":"Startseite","item":"https:\/\/detlef-kipar.de\/wordpress\/"},{"@type":"ListItem","position":2,"name":"Block S100 Paar Schwarz"}]},{"@type":"WebSite","@id":"https:\/\/detlef-kipar.de\/wordpress\/#website","url":"https:\/\/detlef-kipar.de\/wordpress\/","name":"dk: Detlef Kipar","description":"","potentialAction":[{"@type":"SearchAction","target":{"@type":"EntryPoint","urlTemplate":"https:\/\/detlef-kipar.de\/wordpress\/?s={search_term_string}"},"query-input":{"@type":"PropertyValueSpecification","valueRequired":true,"valueName":"search_term_string"}}],"inLanguage":"de"}]}</script>
<!-- / Yoast SEO plugin. -->
