{"id":591,"date":"2018-10-28T14:22:22","date_gmt":"2018-10-28T13:22:22","guid":{"rendered":"http:\/\/www.detlef-kipar.de\/?page_id=591"},"modified":"2018-10-28T14:28:48","modified_gmt":"2018-10-28T13:28:48","slug":"wertgarantie","status":"publish","type":"page","link":"https:\/\/detlef-kipar.de\/wordpress\/wertgarantie\/","title":{"rendered":"WERTGARANTIE"},"content":{"rendered":"<div class=\"row\">\n<div class=\"content\">\n<div class=\"col-xs-12\">\n<div class=\"row\">\n<div class=\"col-xs-12 col-sm-8 col-lg-9\">\n<div class=\"transparent-box\">\n<h1>Nah am Kunden. Nah am Handel.<br \/>\nErfolgreich seit 1963.<\/h1>\n<\/div>\n<\/div>\n<div class=\"col-xs-12\">\n<p>WERTGARANTIE ist Deutschlands Fachhandelspartner Nr. 1 bei Garantie-Dienstleistungen f\u00fcr Konsumelektronik, Haushaltsger\u00e4te und Fahrr\u00e4der.<\/p>\n<p>Mit unserer einzigartigen Rundum-Versicherung haften wir schon seit 1963 auch f\u00fcr Sch\u00e4den, die auf unsachgem\u00e4\u00dfe Handhabung und Verschlei\u00df zur\u00fcckzuf\u00fchren sind.<\/p>\n<p>Ein Modell, das \u00fcberzeugt: Heute profitieren rund\u00a05.000 Fachhandelspartner\u00a0und\u00a0mehr als\u00a02,6 Millionen Kunden in Deutschland, \u00d6sterreich, Spanien und den Niederlanden von unseren umfassenden und ma\u00dfgeschneiderten L\u00f6sungen\u00a0\u2013\u00a0und sind mehr als zufrieden mit unserer Arbeit. Eine Kundenbefragung des unabh\u00e4ngigen Testinstituts T\u00dcV Rheinland Group ergab jetzt die Schulnote 1,8 f\u00fcr unseren Service. Und 95 % unserer Kunden w\u00fcrden uns jederzeit weiterempfehlen.<\/p>\n<p>F\u00fcr uns ist das eine wichtige Best\u00e4tigung unserer Arbeit. Und gleichzeitig ein gro\u00dfer Ansporn, auch in Zukunft das Leben unserer Kunden jeden Tag ein bisschen bequemer zu machen. Eben: Einfach. Gut. Gesch\u00fctzt.<\/p>\n<p><a href=\"http:\/\/www.wertgarantie.de\/Home.aspx\">http:\/\/www.wertgarantie.de\/Home.aspx<\/a><\/p>\n<\/div>\n<\/div>\n<\/div>\n<\/div>\n<\/div>\n","protected":false},"excerpt":{"rendered":"<p>Nah am Kunden. Nah am Handel. Erfolgreich seit 1963. WERTGARANTIE ist Deutschlands Fachhandelspartner Nr. 1 bei Garantie-Dienstleistungen f\u00fcr Konsumelektronik, Haushaltsger\u00e4te und Fahrr\u00e4der. Mit unserer einzigartigen Rundum-Versicherung haften wir schon seit 1963 auch f\u00fcr Sch\u00e4den, die auf unsachgem\u00e4\u00dfe Handhabung und Verschlei\u00df zur\u00fcckzuf\u00fchren sind. Ein Modell, das \u00fcberzeugt: Heute profitieren rund\u00a05.000 Fachhandelspartner\u00a0und\u00a0mehr als\u00a02,6 Millionen Kunden in Deutschland, [&hellip;]<\/p>\n","protected":false},"author":1,"featured_media":592,"parent":0,"menu_order":0,"comment_status":"closed","ping_status":"closed","template":"","meta":{"footnotes":""},"class_list":["post-591","page","type-page","status-publish","has-post-thumbnail","hentry"],"yoast_head":"<!-- This site is optimized with the Yoast SEO plugin v27.2 - https:\/\/yoast.com\/product\/yoast-seo-wordpress\/ -->\n<title>WERTGARANTIE - detlef-kipar.de<\/title>\n<meta name=\"robots\" content=\"index, follow, max-snippet:-1, max-image-preview:large, max-video-preview:-1\" \/>\n<link rel=\"canonical\" href=\"https:\/\/detlef-kipar.de\/wordpress\/wertgarantie\/\" \/>\n<meta property=\"og:locale\" content=\"de_DE\" \/>\n<meta property=\"og:type\" content=\"article\" \/>\n<meta property=\"og:title\" content=\"WERTGARANTIE - detlef-kipar.de\" \/>\n<meta property=\"og:description\" content=\"Nah am Kunden. Nah am Handel. Erfolgreich seit 1963. WERTGARANTIE ist Deutschlands Fachhandelspartner Nr. 1 bei Garantie-Dienstleistungen f\u00fcr Konsumelektronik, Haushaltsger\u00e4te und Fahrr\u00e4der. Mit unserer einzigartigen Rundum-Versicherung haften wir schon seit 1963 auch f\u00fcr Sch\u00e4den, die auf unsachgem\u00e4\u00dfe Handhabung und Verschlei\u00df zur\u00fcckzuf\u00fchren sind. Ein Modell, das \u00fcberzeugt: Heute profitieren rund\u00a05.000 Fachhandelspartner\u00a0und\u00a0mehr als\u00a02,6 Millionen Kunden in Deutschland, [&hellip;]\" \/>\n<meta property=\"og:url\" content=\"https:\/\/detlef-kipar.de\/wordpress\/wertgarantie\/\" \/>\n<meta property=\"og:site_name\" content=\"detlef-kipar.de\" \/>\n<meta property=\"article:modified_time\" content=\"2018-10-28T13:28:48+00:00\" \/>\n<meta property=\"og:image\" content=\"https:\/\/detlef-kipar.de\/wordpress\/wp-content\/uploads\/wertgarantie-ueber-uns-logo.jpg\" \/>\n\t<meta property=\"og:image:width\" content=\"880\" \/>\n\t<meta property=\"og:image:height\" content=\"350\" \/>\n\t<meta property=\"og:image:type\" content=\"image\/jpeg\" \/>\n<meta name=\"twitter:card\" content=\"summary_large_image\" \/>\n<meta name=\"twitter:label1\" content=\"Gesch\u00e4tzte Lesezeit\" \/>\n\t<meta name=\"twitter:data1\" content=\"1\u00a0Minute\" \/>\n<script type=\"application\/ld+json\" class=\"yoast-schema-graph\">{\"@context\":\"https:\/\/schema.org\",\"@graph\":[{\"@type\":\"WebPage\",\"@id\":\"https:\/\/detlef-kipar.de\/wordpress\/wertgarantie\/\",\"url\":\"https:\/\/detlef-kipar.de\/wordpress\/wertgarantie\/\",\"name\":\"WERTGARANTIE - detlef-kipar.de\",\"isPartOf\":{\"@id\":\"https:\/\/detlef-kipar.de\/wordpress\/#website\"},\"primaryImageOfPage\":{\"@id\":\"https:\/\/detlef-kipar.de\/wordpress\/wertgarantie\/#primaryimage\"},\"image\":{\"@id\":\"https:\/\/detlef-kipar.de\/wordpress\/wertgarantie\/#primaryimage\"},\"thumbnailUrl\":\"https:\/\/detlef-kipar.de\/wordpress\/wp-content\/uploads\/wertgarantie-ueber-uns-logo.jpg\",\"datePublished\":\"2018-10-28T13:22:22+00:00\",\"dateModified\":\"2018-10-28T13:28:48+00:00\",\"breadcrumb\":{\"@id\":\"https:\/\/detlef-kipar.de\/wordpress\/wertgarantie\/#breadcrumb\"},\"inLanguage\":\"de\",\"potentialAction\":[{\"@type\":\"ReadAction\",\"target\":[\"https:\/\/detlef-kipar.de\/wordpress\/wertgarantie\/\"]}]},{\"@type\":\"ImageObject\",\"inLanguage\":\"de\",\"@id\":\"https:\/\/detlef-kipar.de\/wordpress\/wertgarantie\/#primaryimage\",\"url\":\"https:\/\/detlef-kipar.de\/wordpress\/wp-content\/uploads\/wertgarantie-ueber-uns-logo.jpg\",\"contentUrl\":\"https:\/\/detlef-kipar.de\/wordpress\/wp-content\/uploads\/wertgarantie-ueber-uns-logo.jpg\",\"width\":880,\"height\":350},{\"@type\":\"BreadcrumbList\",\"@id\":\"https:\/\/detlef-kipar.de\/wordpress\/wertgarantie\/#breadcrumb\",\"itemListElement\":[{\"@type\":\"ListItem\",\"position\":1,\"name\":\"Startseite\",\"item\":\"https:\/\/detlef-kipar.de\/wordpress\/\"},{\"@type\":\"ListItem\",\"position\":2,\"name\":\"WERTGARANTIE\"}]},{\"@type\":\"WebSite\",\"@id\":\"https:\/\/detlef-kipar.de\/wordpress\/#website\",\"url\":\"https:\/\/detlef-kipar.de\/wordpress\/\",\"name\":\"detlef-kipar.de\",\"description\":\"\",\"potentialAction\":[{\"@type\":\"SearchAction\",\"target\":{\"@type\":\"EntryPoint\",\"urlTemplate\":\"https:\/\/detlef-kipar.de\/wordpress\/?s={search_term_string}\"},\"query-input\":{\"@type\":\"PropertyValueSpecification\",\"valueRequired\":true,\"valueName\":\"search_term_string\"}}],\"inLanguage\":\"de\"}]}<\/script>\n<!-- \/ Yoast SEO plugin. -->","yoast_head_json":{"title":"WERTGARANTIE - detlef-kipar.de","robots":{"index":"index","follow":"follow","max-snippet":"max-snippet:-1","max-image-preview":"max-image-preview:large","max-video-preview":"max-video-preview:-1"},"canonical":"https:\/\/detlef-kipar.de\/wordpress\/wertgarantie\/","og_locale":"de_DE","og_type":"article","og_title":"WERTGARANTIE - detlef-kipar.de","og_description":"Nah am Kunden. Nah am Handel. Erfolgreich seit 1963. WERTGARANTIE ist Deutschlands Fachhandelspartner Nr. 1 bei Garantie-Dienstleistungen f\u00fcr Konsumelektronik, Haushaltsger\u00e4te und Fahrr\u00e4der. Mit unserer einzigartigen Rundum-Versicherung haften wir schon seit 1963 auch f\u00fcr Sch\u00e4den, die auf unsachgem\u00e4\u00dfe Handhabung und Verschlei\u00df zur\u00fcckzuf\u00fchren sind. Ein Modell, das \u00fcberzeugt: Heute profitieren rund\u00a05.000 Fachhandelspartner\u00a0und\u00a0mehr als\u00a02,6 Millionen Kunden in Deutschland, [&hellip;]","og_url":"https:\/\/detlef-kipar.de\/wordpress\/wertgarantie\/","og_site_name":"detlef-kipar.de","article_modified_time":"2018-10-28T13:28:48+00:00","og_image":[{"width":880,"height":350,"url":"https:\/\/detlef-kipar.de\/wordpress\/wp-content\/uploads\/wertgarantie-ueber-uns-logo.jpg","type":"image\/jpeg"}],"twitter_card":"summary_large_image","twitter_misc":{"Gesch\u00e4tzte Lesezeit":"1\u00a0Minute"},"schema":{"@context":"https:\/\/schema.org","@graph":[{"@type":"WebPage","@id":"https:\/\/detlef-kipar.de\/wordpress\/wertgarantie\/","url":"https:\/\/detlef-kipar.de\/wordpress\/wertgarantie\/","name":"WERTGARANTIE - detlef-kipar.de","isPartOf":{"@id":"https:\/\/detlef-kipar.de\/wordpress\/#website"},"primaryImageOfPage":{"@id":"https:\/\/detlef-kipar.de\/wordpress\/wertgarantie\/#primaryimage"},"image":{"@id":"https:\/\/detlef-kipar.de\/wordpress\/wertgarantie\/#primaryimage"},"thumbnailUrl":"https:\/\/detlef-kipar.de\/wordpress\/wp-content\/uploads\/wertgarantie-ueber-uns-logo.jpg","datePublished":"2018-10-28T13:22:22+00:00","dateModified":"2018-10-28T13:28:48+00:00","breadcrumb":{"@id":"https:\/\/detlef-kipar.de\/wordpress\/wertgarantie\/#breadcrumb"},"inLanguage":"de","potentialAction":[{"@type":"ReadAction","target":["https:\/\/detlef-kipar.de\/wordpress\/wertgarantie\/"]}]},{"@type":"ImageObject","inLanguage":"de","@id":"https:\/\/detlef-kipar.de\/wordpress\/wertgarantie\/#primaryimage","url":"https:\/\/detlef-kipar.de\/wordpress\/wp-content\/uploads\/wertgarantie-ueber-uns-logo.jpg","contentUrl":"https:\/\/detlef-kipar.de\/wordpress\/wp-content\/uploads\/wertgarantie-ueber-uns-logo.jpg","width":880,"height":350},{"@type":"BreadcrumbList","@id":"https:\/\/detlef-kipar.de\/wordpress\/wertgarantie\/#breadcrumb","itemListElement":[{"@type":"ListItem","position":1,"name":"Startseite","item":"https:\/\/detlef-kipar.de\/wordpress\/"},{"@type":"ListItem","position":2,"name":"WERTGARANTIE"}]},{"@type":"WebSite","@id":"https:\/\/detlef-kipar.de\/wordpress\/#website","url":"https:\/\/detlef-kipar.de\/wordpress\/","name":"detlef-kipar.de","description":"","potentialAction":[{"@type":"SearchAction","target":{"@type":"EntryPoint","urlTemplate":"https:\/\/detlef-kipar.de\/wordpress\/?s={search_term_string}"},"query-input":{"@type":"PropertyValueSpecification","valueRequired":true,"valueName":"search_term_string"}}],"inLanguage":"de"}]}},"jetpack_sharing_enabled":true,"_links":{"self":[{"href":"https:\/\/detlef-kipar.de\/wordpress\/wp-json\/wp\/v2\/pages\/591","targetHints":{"allow":["GET"]}}],"collection":[{"href":"https:\/\/detlef-kipar.de\/wordpress\/wp-json\/wp\/v2\/pages"}],"about":[{"href":"https:\/\/detlef-kipar.de\/wordpress\/wp-json\/wp\/v2\/types\/page"}],"author":[{"embeddable":true,"href":"https:\/\/detlef-kipar.de\/wordpress\/wp-json\/wp\/v2\/users\/1"}],"replies":[{"embeddable":true,"href":"https:\/\/detlef-kipar.de\/wordpress\/wp-json\/wp\/v2\/comments?post=591"}],"version-history":[{"count":3,"href":"https:\/\/detlef-kipar.de\/wordpress\/wp-json\/wp\/v2\/pages\/591\/revisions"}],"predecessor-version":[{"id":596,"href":"https:\/\/detlef-kipar.de\/wordpress\/wp-json\/wp\/v2\/pages\/591\/revisions\/596"}],"wp:featuredmedia":[{"embeddable":true,"href":"https:\/\/detlef-kipar.de\/wordpress\/wp-json\/wp\/v2\/media\/592"}],"wp:attachment":[{"href":"https:\/\/detlef-kipar.de\/wordpress\/wp-json\/wp\/v2\/media?parent=591"}],"curies":[{"name":"wp","href":"https:\/\/api.w.org\/{rel}","templated":true}]}}